rs of k.
2, 3
List the prime factors of (2 + -3)*24/(-3).
2
Suppose 0 = 3*a + 2*a - 3*h - 102, 4*h = 2*a - 52. List the prime factors of a.
2, 3
Suppose -42 = 4*l - 5*l. Let g = l - 23. What are the prime factors of g?
19
Let k = -110 - -185. Let h = k - 44. What are the prime factors of h?
31
Let g(n) = -n**3 + 4*n**2 + 4*n + 7. Let q = -3 + 8. List the prime factors of g(q).
2
Let r(u) = -u**3 + 10*u**2 + 16*u - 19. List the prime factors of r(10).
3, 47
Let l(p) be the third derivative of -7*p**4/24 - 5*p**3/2 - 7*p**2. What are the prime factors of l(-7)?
2, 17
Let l(g) = 2*g**3 - 3*g**2 + 3. Let c be l(3). Suppose -3*n = z - 10, 3*n - 2*n + c = 3*z. List the prime factors of z.
2, 5
Suppose 14*n + 2012 - 6674 = 0. What are the prime factors of n?
3, 37
Let f(h) = -h**3 - 13*h**2 - 3*h - 7. Let n(b) = -2*b**2 - 5*b - 1. Let v be n(-4). List the prime factors of f(v).
2
Suppose 819 = 8*a + 187. List the prime factors of a.
79
Let k be (-2)/1 - (-2 + -24). Suppose 5*x - 16 = 2*x + 5*p, 3*x + 3*p = k. List the prime factors of x.
7
Let z(y) = -2*y - 1 + y**3 + 0*y**3 - 2*y**3 + 4*y**2 + 0. What are the prime factors of z(3)?
2
Let h = 1 - 1. List the prime factors of (5 - h)*12/15.
2
Let n(h) = 5*h**2 + 3*h + 1. Let p be n(-2). Suppose 0 = -d + 4*o - 15 + 5, o + 1 = 2*d. Let k = p - d. What are the prime factors of k?
13
Let j(f) = 5*f - 58. What are the prime factors of j(31)?
97
Let g(p) = p**3 + 6*p**2 + 5*p + 3. Let s be g(-5). Suppose 0 = -s*q + 4*q + 4. What are the prime factors of 10/6 - q/12?
2
Suppose -10*y + 5*y = -425. What are the prime factors of y?
5, 17
Let x(k) = -11*k - 17. What are the prime factors of x(-6)?
7
Suppose 0*w = -2*w - 5*o + 9, -5*w + 2*o + 8 = 0. Let n = 69 - 49. Suppose w = -j + n. What are the prime factors of j?
2, 3
Suppose 5 = 4*h - 3. Suppose -3*k + 18 = 6, -h*t - k = -28. What are the prime factors of t?
2, 3
Let k(p) = p**2 + 10*p - 6. Let n be k(-11). Suppose -2*g = -4*f - 0 - 10, -4*g + n*f = -32. List the prime factors of g.
13
List the prime factors of 14 + (-5 - (-1 + 0)).
2, 5
Let i(s) = s + 7*s - s - s**2 - 4. Suppose 8 = 5*n - 22. What are the prime factors of i(n)?
2
Let l(k) = -6*k - 1. Let v be l(-1). Let g be 2/v - 10/25. Suppose r - 7 + 1 = g. What are the prime factors of r?
2, 3
Let s = -48 + 80. Let f = s + -17. List the prime factors of f.
3, 5
What are the prime factors of -5 + (-2 + 7 - -134)?
2, 67
List the prime factors of (4 + 32/(-6))*-30.
2, 5
Let s = -64 - -33. Let b = 58 + s. What are the prime factors of b?
3
Let s = -297 - -495. What are the prime factors of s?
2, 3, 11
Let y = 44 + 18. What are the prime factors of y?
2, 31
Suppose 0 = b + 4*a, 2*b = a - 5*a. What are the prime factors of (-56)/(-6)*(3 + b)?
2, 7
Let s(r) = 7*r + 20. Let c(k) = -4*k - 10. Let o(h) = -5*c(h) - 3*s(h). Let j be o(-9). What are the prime factors of 10/(1 - j)*1?
5
Let j(y) = y**3 - 14*y**2 + 12*y + 16. Let w be j(13). What are the prime factors of w/((-9)/93)*-1?
31
Let h be (-6)/33 - (-224)/22. Let j = 4 + h. What are the prime factors of j?
2, 7
Suppose -4*q - 11 - 5 = 5*f, -5*q = f - 1. Let i = 0 - f. Suppose 50 = 5*k - 5*w, i*k + w + 0*w = 50. List the prime factors of k.
2, 3
Let o(z) = 3*z + 5. Let s be o(5). Suppose -5*x + 4*x = -s. Let k = x - 8. What are the prime factors of k?
2, 3
Let s = -28 + 114. List the prime factors of s.
2, 43
Let u(i) = i**3 - 3*i**2 - 2*i - 5. Let r be u(4). Let k(v) = v**2 - v - 2. Let y be k(r). Let a(c) = -c**3 + 5*c**2 - 3*c - 1. List the prime factors of a(y).
3
Let k = -192 + 270. Let f = -39 + k. Let x = f + -23. List the prime factors of x.
2
Let y(z) = 5*z - 1. Let d be y(-1). Let m be 4/(1 - (-3)/d). Let c = m - 1. List the prime factors of c.
7
Let o(s) = 7*s. What are the prime factors of o(1)?
7
Suppose 5*a - 3*y = 17, 3*a + 4*y + 13 = -0*y. Let t = a + -5. List the prime factors of t/(-10) + 152/20.
2
Let k = -195 + 354. What are the prime factors of k?
3, 53
Let j(d) = 12*d - 6. What are the prime factors of j(5)?
2, 3
Suppose -l + 5 = -0. Suppose l*n - 8 = n. What are the prime factors of n?
2
Suppose -1 - 3 = -n. Suppose v = -n*d - 5, -3*d - 21 = -5*v - 0*d. List the prime factors of v.
3
List the prime factors of ((-32)/(-6))/((-3)/(-9)).
2
Let u be (-7 - 2)*10/(-15). Let v = 19 - u. List the prime factors of v.
13
Let z be 15/(-10)*(-4)/3. Let i = 1 - z. List the prime factors of ((-21)/6)/(i/2).
7
Let v(t) = 4*t**3 + 2*t - 2. Let l be (-4)/(-7)*(-98)/(-28). What are the prime factors of v(l)?
2, 17
Let c be 0 + (0 + -1)*-1. Suppose -4 = -f - c. List the prime factors of f.
3
Suppose -4*w = -4*l - 35 + 7, 3*w - 5*l - 27 = 0. Suppose -5*b - 4*k - 11 = -44, w*b - 18 = k. List the prime factors of b.
5
Let d = 2 - -17. Let k = 35 - d. What are the prime factors of k?
2
Let v be (12/(-5))/(27/(-180)). Let z = v - 7. List the prime factors of z.
3
Suppose 25 = t + 4*t. Suppose 0 = -w + f + f + 2, 2 = 2*w - 3*f. Let c = t + w. List the prime factors of c.
3
Suppose -5*j - v + 1294 = -0*v, 0 = 4*j + 2*v - 1034. List the prime factors of j.
7, 37
What are the prime factors of (678/(-9))/(4/(-6))?
113
Let a be 0 - (3 + -6) - -3. Suppose -w - 5*g = -23, 5*w = a*w - g - 11. List the prime factors of w.
13
Let v(f) = -3*f - 3. Let c be v(-2). List the prime factors of 94/c - (-8)/12.
2
Suppose 0*o - 5*o = -10. Suppose 3*m + o*m - 5 = 0. What are the prime factors of ((-65)/(-20))/(m/4)?
13
Let a be 2/((8/5)/(-4)). Let c = a + 18. What are the prime factors of c?
13
Let u = 4 + -3. Suppose 3*f + 2*q - u = 4*f, -3*f + 5*q = 1. Suppose 0 = -2*b + f*b - 13. What are the prime factors of b?
13
Let h(v) = 0*v + v - 10 + 2. List the prime factors of h(10).
2
Suppose 3*b - 5*v - 39 = -0*b, v + 43 = 5*b. Let j be 2/(-3)*(-12)/b. What are the prime factors of 3 - 3*j/3?
2
Let a = 65 - 14. What are the prime factors of a?
3, 17
Let t(r) be the third derivative of -r**4/24 - 5*r**3/6 - r**2. Let d = 8 + -16. What are the prime factors of t(d)?
3
What are the prime factors of (-9)/15 + (-43)/(-5)?
2
Let y = 17 - 15. What are the prime factors of y?
2
Let x be (-1)/((-45)/(-21) + -2). Let k = x + 23. Let m = k + -7. What are the prime factors of m?
3
Suppose 0*f = -4*f + 68. Suppose -6*u = -2*u + 20, -4*n + f = -u. Suppose 0 = 5*m - n*t + 25 - 76, 3*m + t = 25. List the prime factors of m.
3
Suppose 0 = 3*b + b + 5*g - 233, -5*b - 3*g = -275. List the prime factors of b.
2, 13
Suppose 5*x - 9 = 2*z, 4*z - 4*x + 3*x = 27. Suppose 2*j - z = -2*j, 0 = -l + 4*j + 3. What are the prime factors of l?
11
Suppose -2*l - 62 = -2*s - 0*s, l + 35 = 2*s. Let r = -17 - -1. Let f = r - l. List the prime factors of f.
11
Let a(v) = -9 + 1 - v**2 - 1. Let d be a(0). Let n(u) = -u**3 - 8*u**2 + 9*u + 4. What are the prime factors of n(d)?
2
Suppose n = r + 10, n - 2*r + 2 = 2*r. What are the prime factors of n?
2, 7
List the prime factors of (-3039)/(-15) + (-4)/(-10).
7, 29
Let n(k) = -k**2 + 5*k. Let t be n(5). Suppose 3*s - 6*s + 18 = t. List the prime factors of s.
2, 3
Let k be (50/8)/((-1)/(-12)). Suppose y = 6*y - k. What are the prime factors of y?
3, 5
Let f = 2 + -2. Suppose f = j - 0*j. What are the prime factors of 3/6*(12 + j)?
2, 3
Let d(x) = -x**3 - 7*x**2 - 6*x + 5. Let j be d(-6). Suppose -j = 2*i - 17. List the prime factors of i.
2, 3
Let p = 32 + 61. What are the prime factors of p?
3, 31
Suppose 4*u = 2*r + 63 - 5, -u = 4*r + 98. Suppose -2*k + 67 = 5*d - 116, k = -2*d + 73. Let c = r + d. What are the prime factors of c?
2, 3
Let h be (6/(-18))/((-1)/3). Let v = -2 - h. List the prime factors of (2 + v)*-8 + 1.
3
Let g = -20 - -34. Suppose -90 + g = -3*q + 2*y, 2*y + 10 = 0. What are the prime factors of q?
2, 11
What are the prime factors of 88 + (-2 - (1 + 1))?
2, 3, 7
Let i be (-3 + 21/6)*0. Suppose -6*j + 5*j + 15 = 0. Suppose i = -3*q + 2*q, -h + j = q. List the prime factors of h.
3, 5
Let w(l) = -l**2 - 9*l + 13. Let y = -53 + 109. Suppose y = -4*n + 4*h, 7*n - 3*n + 3*h = -21. List the prime factors of w(n).
13
Suppose 2*p + 4 = 3*p. What are the prime factors of 2/((16/p)/56)?
2, 7
Suppose 5*u = 111 + 99. What are the prime factors of u?
2, 3, 7
Suppose -y + 4 = -0*y. Suppose -3*g + y + 11 = 0. List the prime factors of g.
5
Suppose -11 = -3*g +